 multiple of 13?
False
Is 36479 a multiple of 43?
False
Is 9396 a multiple of 90?
False
Is 33 a factor of 19569?
True
Does 11 divide 15748788?
True
Is 460 a factor of 634854?
False
Does 2627 divide 5573626?
False
Is 5193000 a multiple of 374?
False
Is 10036636 a multiple of 56?
False
Does 10 divide 75840?
True
Is 24 a factor of 1467072?
True
Does 786 divide 4453476?
True
Is 3988767 a multiple of 20?
False
Does 821 divide 2831195?
False
Does 8 divide 4164652?
False
Does 16 divide 1749856?
True
Is 57168 a multiple of 35?
False
Does 127 divide 2974876?
False
Is 4 a factor of 5036?
True
Is 377588 a multiple of 9?
False
Is 762 a factor of 5458990?
False
Does 12 divide 1281027?
False
Is 119 a factor of 356048?
True
Is 165 a factor of 312675?
True
Is 21 a factor of 68439?
True
Does 64 divide 1537?
False
Is 594 a factor of 21766536?
True
Is 53 a factor of 3689383?
True
Does 28 divide 353612?
True
Does 38 divide 104606?
False
Does 193 divide 1322436?
True
Is 44251 a multiple of 17?
True
Is 16 a factor of 452640?
True
Does 181 divide 1040414?
False
Is 23992 a multiple of 3?
False
Is 79947 a multiple of 47?
True
Is 554 a factor of 285656?
False
Does 119 divide 222292?
True
Is 225960 a multiple of 35?
True
Is 2 a factor of 291677?
False
Is 495132 a multiple of 242?
True
Is 6295752 a multiple of 7?
False
Is 89 a factor of 2947191?
False
Does 177 divide 156500?
False
Does 16 divide 1769544?
False
Does 52 divide 49877?
False
Is 35 a factor of 55082?
False
Is 51824 a multiple of 164?
True
Is 5 a factor of 2352226?
False
Does 9 divide 300501?
True
Is 1020647 a multiple of 13?
False
Is 35586 a multiple of 161?
False
Does 600 divide 175682?
False
Does 51 divide 1971660?
True
Is 88635 a multiple of 285?
True
Does 951 divide 174061?
False
Is 12 a factor of 884912?
False
Is 1160 a factor of 15462986?
False
Is 1309816 a multiple of 12?
False
Is 95775 a multiple of 14?
False
Is 18 a factor of 1286368?
False
Does 12 divide 254607?
False
Is 1023 a factor of 2043237?
False
Is 41061 a multiple of 12?
False
Is 70029 a multiple of 22?
False
Is 1027 a factor of 3976544?
True
Does 270 divide 22185258?
False
Does 156 divide 1681836?
True
Does 156 divide 643222?
False
Is 63570 a multiple of 26?
True
Does 57 divide 929214?
True
Does 9 divide 10305126?
True
Does 12 divide 136044?
True
Is 48 a factor of 26454408?
False
Is 307746 a multiple of 226?
False
Is 14 a factor of 1316546?
True
Is 42 a factor of 1706586?
True
Does 277 divide 3031488?
True
Is 6484919 a multiple of 687?
False
Is 5200364 a multiple of 1031?
True
Does 9 divide 997572?
False
Is 192 a factor of 2554309?
False
Does 30 divide 90825?
False
Is 161927 a multiple of 35?
False
Is 1842925 a multiple of 35?
True
Is 3722852 a multiple of 3?
False
Is 113075 a multiple of 6?
False
Is 118755 a multiple of 7?
True
Does 22 divide 271810?
True
Does 91 divide 70798?
True
Is 420070 a multiple of 238?
True
Does 5 divide 1197?
False
Is 285273 a multiple of 87?
True
Does 55 divide 5848517?
False
Is 140 a factor of 16303?
False
Is 1122959 a multiple of 585?
False
Is 57500 a multiple of 20?
True
Does 184 divide 974566?
False
Is 3306556 a multiple of 290?
False
Does 41 divide 69454?
True
Does 50 divide 275960?
False
Is 18 a factor of 5494050?
True
Is 346 a factor of 7592740?
False
Does 163 divide 177996?
True
Is 131 a factor of 132179?
True
Is 367 a factor of 162214?
True
Is 149483 a multiple of 83?
True
Is 132870 a multiple of 103?
True
Is 306765 a multiple of 20?
False
Is 154018 a multiple of 58?
False
Is 3890891 a multiple of 26?
False
Is 25 a factor of 1120148?
False
Is 425 a factor of 214200?
True
Is 3 a factor of 108977?
False
Does 16 divide 940256?
True
Does 7 divide 43479?
False
Is 627138 a multiple of 4?
False
Does 484 divide 610324?
True
Is 6 a factor of 45939?
False
Is 1316700 a multiple of 42?
True
Is 350435 a multiple of 212?
False
Is 3399224 a multiple of 11?
False
Does 21 divide 57708?
True
Is 190195 a multiple of 96?
False
Is 27 a factor of 29052?
True
Does 433 divide 3109788?
False
Is 4292808 a multiple of 312?
True
Is 639 a factor of 792995?
False
Is 15198 a multiple of 102?
True
Is 4 a factor of 678718?
False
Does 25 divide 652225?
True
Is 481 a factor of 1389849?
False
Does 584 divide 731752?
True
Is 158 a factor of 21909702?
True
Does 458 divide 11099630?
True
Is 16 a factor of 890257?
False
Is 299285 a multiple of 70?
False
Does 56 divide 34832?
True
Is 104811 a multiple of 21?
True
Is 19 a factor of 169653?
False
Does 33 divide 6489869?
False
Is 68 a factor of 219844?
True
Does 5 divide 2871589?
False
Is 13 a factor of 840855?
False
Is 23 a factor of 369015?
False
Is 5992333 a multiple of 307?
True
Does 43 divide 24037?
True
Is 143220 a multiple of 15?
True
Does 5 divide 86908?
False
Is 117757 a multiple of 79?
False
Does 233 divide 451837?
False
Does 116 divide 579799?
False
Is 17331 a multiple of 20?
False
Is 4448 a multiple of 139?
True
Is 3 a factor of 274834?
False
Is 146 a factor of 502240?
True
Is 385722 a multiple of 23?
False
Is 21222483 a multiple of 1340?
False
Is 4433090 a multiple of 137?
False
Is 180 a factor of 6957720?
True
Is 16 a factor of 31176?
False
Is 81947 a multiple of 227?
True
Is 38 a factor of 30638199?
False
Is 7 a factor of 131929?
True
Is 63 a factor of 3239140?
False
Is 12 a factor of 7917408?
True
Does 267 divide 2842595?
False
Does 17 divide 104448?
True
Is 730499 a multiple of 53?
True
Is 216288 a multiple of 6?
True
Is 2 a factor of 49684?
True
Does 441 divide 1907534?
False
Does 16 divide 437246?
False
Is 4045330 a multiple of 9?
False
Is 271 a factor of 325616?
False
Does 86 divide 3790170?
False
Does 3 divide 91361?
False
Does 6 divide 8301186?
True
Is 81567 a multiple of 3?
True
Does 27 divide 704920?
False
Does 310 divide 460512?
False
Does 125 divide 2839500?
True
Does 9 divide 6089102?
False
Is 169864 a multiple of 68?
True
Is 467187 a multiple of 89?
False
Is 42162 a multiple of 66?
False
Does 33 divide 3203800?
False
Does 332 divide 45484?
True
Is 72 a factor of 973152?
True
Is 1215734 a multiple of 299?
True
Is 11 a factor of 10039593?
False
Does 22 divide 181226?
False
Is 754 a factor of 4989218?
True
Is 220896 a multiple of 16?
True
Is 19 a factor of 87052?
False
Is 1056 a multiple of 5?
False
Does 50 divide 2243050?
True
Does 9 divide 1113435?
True
Is 488527 a multiple of 168?
False
Does 268 divide 195908?
True
Is 19 a factor of 121106?
True
Is 38 a factor of 2327842?
True
Does 14 divide 486303?
False
Is 253 a factor of 13621253?
False
Is 427 a factor of 676795?
True
Is 137701 a multiple of 4?
False
Does 41 divide 2029582?
True
Does 7 divide 144586?
False
Is 310 a factor of 522775?
False
Is 25 a factor of 4501300?
True
Is 44 a factor of 578039?
False
Is 1187757 a multiple of 571?
False
Does 372 divide 12983916?
True
Is 65094 a multiple of 558?
False
Is 893918 a multiple of 15?
False
Does 997 divide 683795?
False
Does 3 divide 814?
False
Is 131563 a multiple of 97?
False
Is 326028 a multiple of 269?
True
Is 14 a factor of 82926?
False
Is 425403 a multiple of 10?
False
Is 169423 a multiple of 6?
False
Is 2289 a factor of 16718856?
True
Is 111290 a multiple of 50?
False
Does 40 divide 105141?
False
Is 80409 a multiple of 7?
True
Does 587 divide 1009701?
False
Is 3 a factor of 129647?
False
Is 101 a factor of 103323?
True
Is 353045 a multiple of 5?
True
Does 46 divide 24608?
False
Is 83262 a multiple of 11?
False
Does 3 divide 2619?
True
Is 33 a factor of 433589?
False
Is 363152 a multiple of 60?
False
Does 19 divide 46675?
False
Does 6 divide 3208154?
False
Is 421 a factor of 4537085?
False
Is 16 a factor of 47408?
True
Does 228 divide 610177?
False
Is 229176 a multiple of 54?
True
Is 268540 a multiple of 116?
True
Is 98 a factor of 5776708?
True
Is 34195 a multiple of 11?
False
Is 587843 a multiple of 229?
True
Is 1379358 a multiple of 9?
True
Is 5939802 a multiple of 33?
True
Does 205 divide 579123?
False
Does 172 divide 611632?
True
Is 15 a factor of 200175?
True
Is 508011 a multiple of 13?
False
Is 1259406 a multiple of 20?
False
Does 60 divide 3880020?
True
Is 413600 a multiple of 16?
True
Does 177 divide 384279?
False
Does 26 divide 342108?
True
Is 283927 a multiple of 657?
False
Does 84 divide 28896?
True
Does 60 divide 2511060?
True
Is 350 a factor of 3881